 = 2*m**3 - 3*m**2 - 5*m + 2. What is the remainder when n is divided by c(z)?
13
Let q(r) = 2*r - 10. Suppose 3*y - y - 4 = 0. Suppose 2*d = -y*d + 64. What is the remainder when d is divided by q(8)?
4
Suppose -8*h + 8 = -4*h. Let c(g) = -3*g - 5. What is the remainder when c(-4) is divided by h?
1
Suppose j = -4*y + 2*y, 0 = y - 4*j. Let i(m) = m**2 + 11*m - 32. What is the remainder when -1 + y - -2 - -17 is divided by i(-14)?
8
Let a(b) = -48*b - 3. Let v(u) = -u**3 - 2*u**2 + 7*u - 16. What is the remainder when a(-2) is divided by v(-5)?
21
Suppose 5*f = -m + 3, -5*f = 4*m - 3*f - 30. Calculate the remainder when (2*388/m)/1 is divided by 20.
17
Let b = 94 - 51. What is the remainder when b is divided by 23?
20
Suppose -4*b + 10*b = 486. Calculate the remainder when b is divided by 28.
25
Calculate the remainder when 65 is divided by 3*1 + 14/1.
14
Let q = 19 + 7. Calculate the remainder when q is divided by 5.
1
Let c = 18 - 27. Let k = 15 + c. What is the remainder when 15 is divided by k?
3
Let x(g) = -3*g**3 - 6*g**2 - g + 2. Let w(u) = 7*u**3 + 12*u**2 + u - 3. Let l(t) = -2*w(t) - 5*x(t). What is the remainder when 29 is divided by l(-4)?
13
Let x(h) = h - 6. Let l be x(4). Let w(y) = y - 10. Let a be w(6). Let r = l - a. What is the remainder when r is divided by 2?
0
Suppose 2*g + 135 = n, -8*n - g + 370 = -5*n. Suppose -2*f - 3*f + n = 0. What is the remainder when 47 is divided by f?
22
Suppose 3*c - 63 = 21. Let g(x) = x**3 + 9*x**2 - 12*x - 10. What is the remainder when c is divided by g(-10)?
8
Suppose -6*i + 116 - 32 = 0. What is the remainder when 55 is divided by i?
13
Suppose 2*n + 2*n = 0. Suppose -2*p + n*p = -18. Suppose 2*u - 5*u + 51 = 0. Calculate the remainder when u is divided by p.
8
Let v = 4 + 8. Suppose -2*y - 2*u = 4, 0*y - 4*u = 5*y + 7. What is the remainder when 46 + y + 0 - 2 is divided by v?
9
Calculate the remainder when (4/(-8) - 0)*-26 is divided by 7.
6
Suppose -15 = 10*m - 11*m. What is the remainder when 41 is divided by m?
11
Let t(x) = -x**2 - 12*x - 15. Let n be t(-10). Suppose m + 3*j = 21 - 7, -j - 70 = -n*m. Calculate the remainder when 27 is divided by m.
13
Suppose 4*h - c - 45 - 138 = 0, 0 = h + 3*c - 36. Let u = 68 - h. What is the remainder when 67 is divided by u?
21
Let i(u) = -u**3 + 10*u**2 + 10*u + 14. Let c be i(11). Suppose 0 = 3*p - 42 - 6. Suppose c*o = p + 65. What is the remainder when o is divided by 14?
13
Let b(p) = p**3 + 12*p**2 - 3*p - 28. What is the remainder when 28 is divided by b(-12)?
4
Calculate the remainder when 103 is divided by 3/9*6 + 3.
3
Let c = 14 - 27. Let u(t) = t**2 + 12*t - 2. Calculate the remainder when u(c) is divided by 7.
4
Suppose -4*v + 28 = -u, 52 = 5*v - 2*u + 17. Let z = 49 + -38. What is the remainder when z is divided by v?
4
Suppose 3*m - 1 = 5. Suppose -25 = -u + 2*y, -2*y - m*y = u - 55. Calculate the remainder when u is divided by (3 + -2)*(14 - 2).
11
Calculate the remainder when 3 is divided by (12/(-10))/3 + 36/15.
1
Let y = 371 + -221. Suppose 3*p - 4*d = y, 2*d - 250 = -5*p - 2*d. Calculate the remainder when p is divided by 17.
16
Let r(b) = -b**2 - 2*b + 2. Calculate the remainder when r(-2) is divided by 12/9*3/2.
0
Let a(d) = d**2 - 13*d + 2. Let y be a(13). Suppose -5*q + 4*u + 80 = 0, -y*q - 1 = 3*u - 33. What is the remainder when 29 is divided by q?
13
Suppose 4 = -2*s + 116. Calculate the remainder when 223 is divided by s.
55
Let x(w) = -w**3 + 6*w**2 + 9*w + 1. What is the remainder when 26 is divided by x(7)?
11
Suppose -2*t + 42 = t. Calculate the remainder when 54 is divided by t.
12
Suppose z = -7 + 2. Let w(y) = -2*y**3 - 7*y**2 - 2*y - 7. Let d be w(z). Suppose -5*i = 8 - d. What is the remainder when 41 is divided by i?
13
Let h(t) = -t**2 - 6*t - 4. Suppose -4*w + 2*l = 5*l - 30, -5*w + l + 28 = 0. What is the remainder when w is divided by h(-4)?
2
Let p = 119 - -4. What is the remainder when p is divided by 18?
15
Suppose 64 = -5*m - 31. Let l = m + 34. Calculate the remainder when 27 is divided by l.
12
Suppose 5*r - 16 = 3*r. Suppose 3*w - w + r = 0. Calculate the remainder when 20 is divided by (1 - 0) + (-24)/w.
6
Let g be (-18)/4*(-4)/3. Let p be (-16)/g*117/(-6). Let c = -30 + p. Calculate the remainder when c is divided by 6.
4
Let h = 96 - 56. Let a = h + -28. Suppose -2*v + 47 = 1. Calculate the remainder when v is divided by a.
11
Calculate the remainder when 10/(-35) + (-86)/(-7) is divided by 3.
0
Let n(t) = 50*t - 1. Let p be 2/(-10) + 6/5. Calculate the remainder when n(p) is divided by (1 + -1 - -1) + 16.
15
Let k(f) = f**3 - 2*f**2 - 3*f - 1. Suppose 5*r = -c - 54, -3*c + 46 = -5*r - 2*c. Let l be 3 - 4 - r/2. Calculate the remainder when 36 is divided by k(l).
17
Suppose -4*m = -6 - 2. Calculate the remainder when 17 is divided by (-1 - -13)*1/m.
5
Let d(x) = x + 2. Let g be d(4). Suppose -3*i - a - 11 = 0, -3*a - g = 3*i + 3. Calculate the remainder when 37 is divided by (52/(-6))/(i/6).
11
Let x(q) be the third derivative of -q**4 - q**3/6 - 2*q**2. Let n be x(1). Let d = n - -45. What is the remainder when d is divided by 11?
9
Suppose a - 16 = 13. What is the remainder when a is divided by 2 - 4/(-2*3/12)?
9
Let d(h) = -11*h**3 + h**2 + 2*h. Let v be d(-1). Suppose 3*o = v + 23. What is the remainder when o is divided by 4?
3
Suppose -19 = -5*n + 66. Let o be 1/((-1)/(-10)*2). Suppose -o*t = -2*d - 3*t + 22, -2*t = 5*d - 41. What is the remainder when n is divided by d?
8
Suppose -4*n - 4*z + 36 = 0, -n - 5*z = 2*n - 21. Calculate the remainder when 34 is divided by n.
10
Let h = -15 - -25. Let s = -6 + h. Calculate the remainder when 6 is divided by s.
2
What is the remainder when 2/(-2 - (-24)/10) is divided by (7 - 1) + 20/(-5)?
1
Suppose -4*c + 264 = 4*k, 0*k - 4*k = 3*c - 199. Calculate the remainder when c is divided by 17.
14
Let q = 5 - 9. Let j = q - -5. Calculate the remainder when 3 is divided by j.
0
Let w(q) = q**2 + 9*q - 15. Calculate the remainder when w(-12) is divided by 4.
1
Suppose 0 = -5*q - 13 + 43. Calculate the remainder when 22 is divided by q.
4
Let g(s) = 27*s**2 + 6*s + 6. Calculate the remainder when 50 is divided by g(-1).
23
Let s = 86 - 65. Let y = 26 - 18. Suppose -3*x = -y*x + 55. What is the remainder when s is divided by x?
10
Let k be 6/(-27) + (-94)/(-18). Suppose -3 = 2*b + 3*o + 3, -2*b - k*o - 14 = 0. Calculate the remainder when 5 is divided by b.
2
Let l(a) = 2*a + 1. Let t be l(2). Suppose 0*h + 284 = 4*h - 4*u, -t*h + 325 = 5*u. Suppose -5*f = -f - h. What is the remainder when f is divided by 6?
5
Suppose l - t = -0*l + 26, -2*l = -5*t - 52. Calculate the remainder when 50 is divided by l.
24
Suppose 40 = 4*t - 4*v, -4*t + 0*t = v - 15. Suppose -4*c = 3*z - 27, 24 = -2*z + t*z + 3*c. Calculate the remainder when 4 is divided by (-3)/6 + z/2.
0
Let b = 14 + -10. Suppose 4*m - 6 = -x, -m - 18 = -3*x + 4*m. What is the remainder when x is divided by b?
2
Let n(z) = z**2 + 11*z + 2. What is the remainder when 55 is divided by n(-12)?
13
Suppose 0 = -u + 6*u - r - 361, 0 = 3*u - 5*r - 199. What is the remainder when u is divided by 19?
16
Let f(l) = -l + 25. Let n = 2 - -26. Calculate the remainder when n is divided by f(15).
8
Suppose 0*j = -5*c + 2*j + 154, c + j = 28. Calculate the remainder when c is divided by 7.
2
Suppose 0 = -2*i + 190 + 92. Let g(y) = y + 31. Calculate the remainder when (i/6)/(1/2) is divided by g(-15).
15
Suppose -s - 5*p = -81, 5*s - 10*s - 4*p = -426. What is the remainder when s is divided by 22?
20
Let v(l) = 4 - 3*l + 5*l + 14. What is the remainder when v(14) is divided by 16?
14
Suppose 4*w - 80 = -4*p, 0*w + 3*w - 62 = -4*p. What is the remainder when 35 is divided by w?
17
Let n be 220/3 + 8/12. Let z = n + -31. Calculate the remainder when z is divided by 15.
13
Let t(x) = x**3 + 9*x**2 + 8*x + 4. Let z(q) = q - 1. Let c be z(-7). Calculate the remainder when -2*2/((-8)/14) is divided by t(c).
3
Let x(h) = -29*h**3. Let q(r) = r**2 - 3*r. What is the remainder when x(-1) is divided by q(5)?
9
Suppose -2*c = 5*g - 6*c - 95, 3*c = -15. What is the remainder when g is divided by 6?
3
Let s(c) = 20*c**2 - 16*c - 4. What is the remainder when s(4) is divided by 51?
48
Suppose -2*m - m = -93. What is the remaind